{"id":333,"date":"2022-09-14T09:45:27","date_gmt":"2022-09-14T07:45:27","guid":{"rendered":"https:\/\/kommunal-online.de\/rohrdorf\/?page_id=333"},"modified":"2022-09-14T14:02:08","modified_gmt":"2022-09-14T12:02:08","slug":"datenschutz","status":"publish","type":"page","link":"https:\/\/kommunal-online.de\/rohrdorf\/datenschutz\/","title":{"rendered":"Datenschutzerkl\u00e4rung"},"content":{"rendered":"\n<p>Vielen Dank f\u00fcr Ihr Interesse an unserer Online-Stellenausschreibung.<\/p>\n\n\n\n<p>Nachfolgend informieren wir Sie \u00fcber die Erhebung, Verarbeitung und Nutzung Ihrer Daten im Rahmen Ihrer Bewerbung \u00fcber diese Website.<\/p>\n\n\n\n<p class=\"has-neve-link-hover-color-color has-text-color has-medium-font-size\"><strong>Verantwortlich f\u00fcr die Datenverarbeitung:<\/strong><\/p>\n\n\n\n<p>Gemeinde Rohrdorf<br>B\u00fcrgermeister Joachim Flik<br>Komtureihof 4<br>72229 Rohrdorf<br>Tel.: 07452 5008<br>Fax: 07452 2214<br><a href=\"javascript:DeCryptX('0i2p0f1p2B3j0e0m1f3l0n0d0e1.3u1p1i0r2f3r0r2h0.1e3h')\">info [at] gemeinde-rohrdorf [dot] de<\/a><\/p>\n\n\n\n<p><\/p>\n\n\n\n<p class=\"has-neve-link-hover-color-color has-text-color has-medium-font-size\"><strong>Beh\u00f6rdlicher Datenschutzbeauftragter<\/strong><\/p>\n\n\n\n<p>Sollten Sie Fragen zum Datenschutz haben, wenden Sie sich bitte an unseren Datenschutzbeauftragten:<\/p>\n\n\n\n<p>Komm.ONE<br>Anstalt des \u00f6ffentlichen Rechts<br>Krailenshaldenstra\u00dfe 44<br>70469 Stuttgart<br>Tel.: 0711 8108 &#8211; 14444<br><a href=\"javascript:DeCryptX('1e3d0t2g1o0s0c3k3x3w0z0b3h2c2w0f0t0r0a2i2v0e1A1l0o2o1n1\/1p1o0e')\">datenschutzbeauftragte [at] komm [dot] one<\/a><\/p>\n\n\n\n<p class=\"has-neve-link-hover-color-color has-text-color has-medium-font-size\"><a><\/a> <strong>Welche Daten verarbeiten wir<\/strong><\/p>\n\n\n\n<p><strong>Bei Ihrer Bewerbung<\/strong><\/p>\n\n\n\n<ul class=\"wp-block-list\"><li>Name, Vorname<\/li><li>Anschrift<\/li><li>E-Mail<\/li><li>Telefonnummer<\/li><li>Weitere Daten, die in Ihren Bewerbungsunterlagen enthalten sind<\/li><\/ul>\n\n\n\n<p><strong>Bei Ihrem Besuch dieser Website<\/strong><\/p>\n\n\n\n<p>Der Provider der Seiten erhebt und speichert automatisch Informationen in so genannten Server-Log-Dateien, die Ihr Browser automatisch an uns \u00fcbermittelt. Dies sind:<\/p>\n\n\n\n<ul class=\"wp-block-list\"><li>Browsertyp und Browserversion<\/li><li>verwendetes Betriebssystem<\/li><li>Referrer URL<\/li><li>Hostname des zugreifenden Rechners<\/li><li>Uhrzeit der Serveranfrage<\/li><li>IP-Adresse<\/li><\/ul>\n\n\n\n<p>Eine Zusammenf\u00fchrung dieser Daten mit anderen Datenquellen wird nicht vorgenommen.<\/p>\n\n\n\n<p>Die Erfassung dieser Daten erfolgt auf Grundlage von Art. 6 Abs. 1 lit. f DSGVO. Der Webseitenbetreiber hat ein berechtigtes Interesse an der technisch fehlerfreien Darstellung und der Optimierung seiner Webseite \u2013 hierzu m\u00fcssen die Server-Log-Files erfasst werden.<\/p>\n\n\n\n<p class=\"has-neve-link-hover-color-color has-text-color has-medium-font-size\"><strong>Herkunft\/Quelle der Daten<\/strong><\/p>\n\n\n\n<p>Wenn Sie sich bei uns bewerben, werden Ihre personenbezogenen Daten uns \u00fcber die Firma <strong>HEYDER + PARTNER<\/strong> Gesellschaft f\u00fcr Kommunalberatung mbH \u00fcbermittelt. <strong>HEYDER + PARTNER<\/strong> unterst\u00fctzt die Gemeinde Rohrdorf bei der Organisation und Durchf\u00fchrung des Bewerbungsverfahrens.<\/p>\n\n\n\n<p>Wir haben mit der Firma <strong>HEYDER + PARTNER<\/strong> einen Auftragsverarbeitungsvertrag gem. Art. 28 DSGVO abgeschlossen.<\/p>\n\n\n\n<p class=\"has-neve-link-hover-color-color has-text-color has-medium-font-size\"><strong>Zwecke der Datenverarbeitung und <\/strong><strong>Rechtsgrundlagen<\/strong><\/p>\n\n\n\n<p>Wir verarbeiten Ihre personenbezogenen Daten, die Sie uns \u00fcber diese Website zur Verf\u00fcgung stellen, ausschlie\u00dflich f\u00fcr die Besetzung von ausgeschriebenen Stellen innerhalb unserer Gemeindeverwaltung.<\/p>\n\n\n\n<p>Rechtsgrundlage f\u00fcr die Verarbeitung Ihrer personenbezogenen Daten in Bewerbungsverfahren ist prim\u00e4r \u00a7 15 Abs. 1 LDSG.<\/p>\n\n\n\n<p>In einzelnen F\u00e4llen kann eine Datenverarbeitung auch auf Basis einer sog. Interessenabw\u00e4gung nach Art. 6 Abs. 1 lit. f) DSGVO erfolgen, sofern nicht die Interessen oder Grundrechte und Grundfreiheiten der Besch\u00e4ftigten \u00fcberwiegen. In diesen F\u00e4llen wird das Interesse im Zusammenhang mit der jeweiligen Verarbeitung gesondert mitgeteilt.<\/p>\n\n\n\n<p>Sofern Sie eine Einwilligung erteilt haben, erfolgt die Verarbeitung auf Grundlage von Art. 6 Abs. 1 lit. a DSGVO. Die Einwilligung ist jederzeit widerrufbar.<\/p>\n\n\n\n<p class=\"has-neve-link-hover-color-color has-text-color has-medium-font-size\"><strong>Aufbewahrungsdauer der Bewerbungsdaten<\/strong><\/p>\n\n\n\n<p>K\u00f6nnen wir Ihnen derzeit keine Besch\u00e4ftigung anbieten, werden Ihre Daten f\u00fcr sechs Monate nach Abschluss des Bewerbungsverfahrens gespeichert. Dies ist notwendig, um uns gegen eventuelle Rechtsanspr\u00fcche zu verteidigen. Als Rechtsgrundlage gilt in diesem Fall unser berechtigtes Interesse \u2013 Art. 6 Abs. 1 lit. f DSGVO. Sofern keine anderen gesetzlichen Bestimmungen einer L\u00f6schung entgegenstehen (Art. 6 Abs. 1 lit. c DSGVO) oder Sie Ihre Einwilligung f\u00fcr eine l\u00e4ngere Speicherung gegeben haben (Art. 6 Abs. 1 lit. a DSGVO), werden Ihre Daten sp\u00e4testens nach sechs Monaten gel\u00f6scht.<\/p>\n\n\n\n<p class=\"has-neve-link-hover-color-color has-text-color has-medium-font-size\"><strong>Weitere Empf\u00e4nger<\/strong><\/p>\n\n\n\n<p>Wie oben erw\u00e4hnt, haben wir die Firma <strong>HEYDER + PARTNER<\/strong> Gesellschaft f\u00fcr Kommunalberatung mbH damit beauftragt, uns bei der Suche nach neuen Mitarbeiter*innen zu unterst\u00fctzen.<\/p>\n\n\n\n<p>Ihre Daten werden an keine weiteren Empf\u00e4nger weitergeleitet.<\/p>\n\n\n\n<p class=\"has-neve-link-hover-color-color has-text-color has-medium-font-size\"><strong>Daten\u00fcbermittlung in Drittstaaten<\/strong><\/p>\n\n\n\n<p>Eine \u00dcbermittlung Ihrer personenbezogenen Daten an oder in Drittl\u00e4nder erfolgt nicht.<\/p>\n\n\n\n<p class=\"has-neve-link-hover-color-color has-text-color has-medium-font-size\"><strong>Profiling<\/strong><\/p>\n\n\n\n<p>Eine automatisierte Entscheidungsfindung oder ein Profiling finden nicht statt.<\/p>\n\n\n\n<p class=\"has-neve-link-hover-color-color has-text-color has-medium-font-size\"><strong>Betroffenenrechte<\/strong><\/p>\n\n\n\n<p><strong>Recht auf Best\u00e4tigung und Auskunft (Art. 15 DSGVO)<\/strong><\/p>\n\n\n\n<p>Sie haben das Recht, von uns eine Best\u00e4tigung dar\u00fcber zu erhalten, ob Sie betreffende personenbezogene Daten verarbeitet werden. Ist dies der Fall, so haben Sie das Recht, von uns eine unentgeltliche Auskunft \u00fcber die zu Ihnen gespeicherten personenbezogenen Daten nebst einer Kopie dieser Daten zu verlangen.<\/p>\n\n\n\n<p><strong>Recht auf Berichtigung (Art. 16 DSGVO), Einschr\u00e4nkung der Verarbeitung (Art. 18 DSGVO) und L\u00f6schung (Art. 17 DSGVO)<\/strong><\/p>\n\n\n\n<p>In einer Reihe von F\u00e4llen sind Sie berechtigt, Berichtigung, L\u00f6schung (&#8222;Recht auf Vergessenwerden&#8220;) und Einschr\u00e4nkung der Bearbeitung (Sperrung) Ihrer personenbezogenen Daten zu verlangen, solange dies gesetzlich zul\u00e4ssig und im Rahmen eines bestehenden Vertragsverh\u00e4ltnisses m\u00f6glich ist.<\/p>\n\n\n\n<p><strong>Recht auf Daten\u00fcbertragbarkeit (Art. 20 DSGVO)<\/strong><\/p>\n\n\n\n<p>Sie haben das Recht, die Sie betreffenden personenbezogenen Daten, welche Sie uns auf der Basis einer Einwilligung oder eines Vertrages bereitgestellt haben, in einem strukturierten, g\u00e4ngigen und maschinenlesbaren Format zu erhalten, zu \u00fcbermitteln oder von uns \u00fcbermitteln zu lassen.<\/p>\n\n\n\n<p><strong>Widerspruchsrecht (Art. 21 DSGVO)<\/strong><\/p>\n\n\n\n<p>Sie haben das Recht, einer rechtm\u00e4\u00dfigen Verarbeitung Ihrer personenbezogenen Daten durch uns zu widersprechen, wenn sich dies aus Ihrer besonderen Situation begr\u00fcndet und unsere Interessen an der Verarbeitung nicht \u00fcberwiegen.<\/p>\n\n\n\n<p><strong>Recht auf Widerruf einer datenschutzrechtlichen Einwilligung (Art. 7 Abs. 3 DSGVO)<\/strong><\/p>\n\n\n\n<p>Sie haben das Recht, eine Einwilligung zur Verarbeitung personenbezogener Daten jederzeit und ohne Angaben von Gr\u00fcnden zu widerrufen. Bitte beachten Sie, dass die Rechtm\u00e4\u00dfigkeit der bis zum Widerruf erfolgten Verarbeitung durch den Wiederruf Ihrer Einwilligung nicht ber\u00fchrt wird.<\/p>\n\n\n\n<p>Sollten Sie von Ihren oben genannten Rechten Gebrauch machen, pr\u00fcft die Stadtverwaltung Eppingen, ob die gesetzlichen Voraussetzungen hierf\u00fcr erf\u00fcllt sind.<\/p>\n\n\n\n<p><strong>Beschwerderecht<\/strong><\/p>\n\n\n\n<p>Unbeschadet anderer Rechtsbehelfe steht Ihnen gem. Art. 77 DSGVO das Recht zu, sich beim Landesbeauftragten f\u00fcr den Datenschutz und die Informationsfreiheit, Postfach 10 29 32, 70025 Stuttgart, <a href=\"javascript:DeCryptX('2r2q3v1u2u3w0e3o2n2g0@1m3i3g0i1\/3e1x3o313g2g')\">poststelle [at] lfdi [dot] bwl [dot] de<\/a> beschweren.<\/p>\n\n\n\n<p class=\"has-neve-link-hover-color-color has-text-color has-medium-font-size\"><strong>Verpflichtung, Daten bereitzustellen, Folgen der Verweigerung<\/strong><\/p>\n\n\n\n<p>Die Bereitstellung der Daten durch Sie ist f\u00fcr die Durchf\u00fchrung des Bewerbungsverfahrens erforderlich. Eine rechtliche Verpflichtung besteht nicht. Wenn Sie die erforderlichen Daten nicht oder unvollst\u00e4ndig angeben, kann keine Besch\u00e4ftigung bei der Gemeinde Rohrdorf erfolgen.<\/p>\n","protected":false},"excerpt":{"rendered":"<p>Vielen Dank f\u00fcr Ihr Interesse an unserer Online-Stellenausschreibung. Nachfolgend informieren wir Sie \u00fcber die Erhebung, Verarbeitung und Nutzung Ihrer Daten im Rahmen Ihrer Bewerbung \u00fcber diese Website. Verantwortlich f\u00fcr die Datenverarbeitung: Gemeinde RohrdorfB\u00fcrgermeister Joachim FlikKomtureihof 472229 RohrdorfTel.: 07452 5008Fax: 07452 2214info [at] gemeinde-rohrdorf [dot] de Beh\u00f6rdlicher Datenschutzbeauftragter Sollten Sie Fragen zum Datenschutz haben, wenden Sie&hellip;&nbsp;<a href=\"https:\/\/kommunal-online.de\/rohrdorf\/datenschutz\/\" class=\"\" rel=\"bookmark\">Weiterlesen &raquo;<span class=\"screen-reader-text\">Datenschutzerkl\u00e4rung<\/span><\/a><\/p>\n","protected":false},"author":1,"featured_media":0,"parent":0,"menu_order":20,"comment_status":"closed","ping_status":"closed","template":"","meta":{"neve_meta_sidebar":"","neve_meta_container":"","neve_meta_enable_content_width":"","neve_meta_content_width":0,"neve_meta_title_alignment":"","neve_meta_author_avatar":"","neve_post_elements_order":"","neve_meta_disable_header":"","neve_meta_disable_footer":"","neve_meta_disable_title":"","footnotes":""},"class_list":["post-333","page","type-page","status-publish","hentry"],"_links":{"self":[{"href":"https:\/\/kommunal-online.de\/rohrdorf\/wp-json\/wp\/v2\/pages\/333","targetHints":{"allow":["GET"]}}],"collection":[{"href":"https:\/\/kommunal-online.de\/rohrdorf\/wp-json\/wp\/v2\/pages"}],"about":[{"href":"https:\/\/kommunal-online.de\/rohrdorf\/wp-json\/wp\/v2\/types\/page"}],"author":[{"embeddable":true,"href":"https:\/\/kommunal-online.de\/rohrdorf\/wp-json\/wp\/v2\/users\/1"}],"replies":[{"embeddable":true,"href":"https:\/\/kommunal-online.de\/rohrdorf\/wp-json\/wp\/v2\/comments?post=333"}],"version-history":[{"count":5,"href":"https:\/\/kommunal-online.de\/rohrdorf\/wp-json\/wp\/v2\/pages\/333\/revisions"}],"predecessor-version":[{"id":350,"href":"https:\/\/kommunal-online.de\/rohrdorf\/wp-json\/wp\/v2\/pages\/333\/revisions\/350"}],"wp:attachment":[{"href":"https:\/\/kommunal-online.de\/rohrdorf\/wp-json\/wp\/v2\/media?parent=333"}],"curies":[{"name":"wp","href":"https:\/\/api.w.org\/{rel}","templated":true}]}}